or of 474 and 1745742.
474
What is the greatest common divisor of 139950 and 18?
18
Calculate the greatest common divisor of 1364 and 2750.
22
Calculate the greatest common factor of 112 and 4772.
4
Calculate the greatest common divisor of 979281 and 477.
477
What is the greatest common factor of 316287 and 339?
339
Calculate the greatest common divisor of 77 and 288816.
11
Calculate the highest common factor of 74 and 588337.
37
What is the highest common divisor of 55797 and 189?
21
What is the greatest common divisor of 2704 and 244?
4
What is the greatest common factor of 3393 and 1963?
13
What is the greatest common factor of 830 and 594778?
166
What is the greatest common factor of 75750 and 2424?
606
What is the greatest common factor of 1210 and 694210?
110
Calculate the highest common factor of 1511 and 1.
1
Calculate the greatest common divisor of 777 and 3291113.
259
What is the highest common divisor of 143 and 1718431?
143
Calculate the highest common divisor of 37403 and 5296.
331
Calculate the greatest common divisor of 20256 and 168.
24
What is the highest common factor of 1946 and 5642?
14
Calculate the highest common factor of 6460 and 380.
380
Calculate the highest common divisor of 224 and 1372.
28
What is the highest common factor of 371 and 16801?
53
Calculate the greatest common divisor of 59559 and 6.
3
What is the highest common divisor of 74 and 191993?
37
Calculate the highest common factor of 20 and 188912.
4
What is the highest common divisor of 1628238 and 6?
6
What is the highest common divisor of 2 and 40502?
2
Calculate the greatest common factor of 51993 and 30629.
109
Calculate the greatest common divisor of 1120 and 91.
7
What is the greatest common factor of 874 and 17411?
23
Calculate the greatest common factor of 385070 and 280.
70
Calculate the highest common factor of 3328218 and 18.
18
Calculate the greatest common factor of 4033 and 218.
109
Calculate the greatest common divisor of 159 and 290.
1
What is the highest common factor of 28888 and 471?
157
What is the greatest common divisor of 63 and 202671?
63
What is the highest common factor of 1761469 and 241?
241
Calculate the highest common divisor of 12 and 946068.
12
What is the highest common divisor of 1020 and 3324?
12
Calculate the highest common divisor of 574 and 577157.
287
Calculate the greatest common divisor of 18 and 27568.
2
What is the greatest common factor of 44896 and 48?
16
What is the greatest common divisor of 244566 and 647?
647
Calculate the greatest common factor of 14757 and 9.
3
Calculate the greatest common factor of 215 and 115111.
43
What is the highest common divisor of 213321 and 42?
3
What is the greatest common divisor of 549 and 17934?
183
Calculate the highest common factor of 28 and 4439120.
28
What is the highest common factor of 7785 and 12283?
173
What is the greatest common factor of 2936 and 136?
8
Calculate the highest common factor of 14769 and 135.
27
What is the greatest common divisor of 355500 and 72?
36
What is the greatest common divisor of 27601 and 35?
7
Calculate the greatest common factor of 657 and 196589.
73
What is the highest common divisor of 308451 and 2002?
143
Calculate the highest common divisor of 47979 and 54.
27
What is the greatest common factor of 2765 and 72443?
553
Calculate the greatest common divisor of 2945 and 1539.
19
Calculate the greatest common divisor of 72126 and 8.
2
Calculate the greatest common divisor of 3597 and 2739.
33
Calculate the greatest common divisor of 52577 and 324527.
1813
Calculate the highest common divisor of 28144 and 464.
16
Calculate the highest common divisor of 139145 and 3655.
85
What is the highest common divisor of 95661 and 405?
81
Calculate the highest common divisor of 1191557 and 1027.
79
What is the greatest common factor of 2133 and 23544?
27
Calculate the greatest common factor of 12 and 366396.
12
What is the highest common divisor of 4224 and 2640?
528
Calculate the greatest common factor of 413609 and 441.
49
What is the highest common divisor of 48 and 4218528?
48
Calculate the greatest common factor of 3359640 and 120.
120
Calculate the highest common divisor of 1910 and 2919244.
382
Calculate the highest common divisor of 972 and 19008.
108
What is the greatest common divisor of 75618 and 4482?
18
Calculate the greatest common divisor of 140365 and 37291.
419
What is the highest common divisor of 2923130 and 70?
70
Calculate the greatest common factor of 18323 and 2761.
251
Calculate the highest common factor of 3239 and 19393.
41
What is the highest common divisor of 1264 and 208?
16
What is the greatest common divisor of 1607176 and 632?
632
What is the highest common factor of 75325 and 917?
131
Calculate the greatest common factor of 1588532 and 474.
158
What is the highest common divisor of 384 and 3510?
6
What is the greatest common factor of 15436 and 35122?
34
What is the highest common factor of 58930 and 1136?
142
What is the highest common divisor of 92953 and 686?
343
What is the greatest common factor of 208 and 6545656?
104
Calculate the greatest common factor of 1 and 653.
1
What is the highest common divisor of 134 and 1196620?
134
What is the highest common divisor of 315333 and 306?
153
What is the highest common factor of 35955 and 10863?
153
What is the greatest common factor of 4094 and 598?
46
Calculate the greatest common factor of 148497 and 48.
3
Calculate the greatest common factor of 784 and 137648.
112
Calculate the highest common factor of 1578 and 892622.
526
What is the greatest common divisor of 897125 and 2250?
125
Calculate the greatest common factor of 451 and 50676.
41
Calculate the highest common divisor of 19653 and 6.
3
What is the greatest common factor of 19885 and 5820?
485
Calculate the highest common divisor of 2822 and 3569.
83
Calculate the greatest common divisor of 19398 and 488.
122
Calculate the highest common factor of 70492 and 32.
4
Calculate the highest common factor of 68625 and 3.
3
Calculate the greatest common factor of 216 and 7816608.
216
Calculate the greatest common divisor of 125 and 1805.
5
What is the greatest common divisor of 42777 and 2205?
441
Calculate the greatest common factor of 231 and 1320.
33
Calculate the greatest common factor of 27150 and 60.
30
Calculate the greatest common divisor of 39315 and 30.
15
Calculate the highest common divisor of 2725 and 24800.
25
Calculate the greatest common divisor of 35133 and 294.
147
Calculate the highest common divisor of 5054 and 4634.
14
What is the greatest common divisor of 47349 and 15?
3
Calculate the highest common divisor of 12200 and 11712.
488
What is the highest common factor of 23002 and 15529?
53
What is the greatest common divisor of 63 and 186039?
63
Calculate the greatest common factor of 410901 and 580.
29
Calculate the highest common factor of 27328 and 69601.
427
Calculate the highest common factor of 534 and 169634.
178
Calculate the greatest common factor of 1500099 and 282.
141
Calculate the highest common divisor of 60769 and 322892.
907
Calculate the greatest common factor of 3970 and 2710.
10
Calculate the highest common divisor of 1418056 and 8.
8
Calculate the highest common divisor of 9 and 7056783.
9
Calculate the greatest common divisor of 221 and 2312.
17
Calculate the greatest common factor of 2009277 and 9.
9
What is the greatest common factor of 26 and 56303?
13
What is the greatest common divisor of 956776 and 2624?
328
Calculate the highest common divisor of 31 and 15356563.
31
Calculate the greatest common factor of 984 and 3746334.
246
Calculate the highest common divisor of 2640 and 12276.
132
What is the greatest common divisor of 19189 and 217?
31
What is the highest common divisor of 13570 and 22420?
590
What is the highest common factor of 11264 and 38368?
352
What is the greatest common divisor of 8 and 7430?
2
What is the greatest common factor of 901620 and 180?
180
What is the greatest common factor of 1384 and 153970?
346
What is the highest common factor of 404 and 13084?
4
What is the highest common factor of 20880 and 3393?
261
What is the greatest common factor of 8748 and 990?
18
What is the highest common divisor of 1504 and 1888?
32
What is the highest common 